{"id":71,"date":"2015-06-10T20:16:33","date_gmt":"2015-06-10T19:16:33","guid":{"rendered":"http:\/\/nauer.psy.ch\/wp\/?page_id=71"},"modified":"2016-02-28T12:43:48","modified_gmt":"2016-02-28T12:43:48","slug":"verbande","status":"publish","type":"page","link":"https:\/\/nauer.psy.ch\/wp\/qualifikation\/verbande\/","title":{"rendered":"Verb\u00e4nde"},"content":{"rendered":"<h3><span style=\"font-family: 'Garamond',serif;\"><span style=\"color: #000000;\"><strong>Verb\u00e4nde<\/strong><\/span><\/span><\/h3>\n<p><span style=\"font-family: 'Garamond',serif; font-variant: small-caps;\"><span style=\"color: #000000;\">ASP \u2013 Assoziation der Schweizer Psychologen<\/span><\/span><\/p>\n<p><span style=\"font-family: 'Garamond',serif; font-variant: small-caps;\"><span style=\"color: #000000;\">FSP \u2013 F\u00f6deration der Schweizer Psychologen<\/span><\/span><\/p>\n<p><span style=\"font-family: 'Garamond',serif; font-variant: small-caps;\"><span style=\"color: #000000;\">SGG\/SSG \u2013 Schweizerische graphologische Gesellschaft\/Soci\u00e9t\u00e9 Suisse de Graphologie<\/span><\/span><\/p>\n<p><span style=\"font-family: 'Garamond',serif; font-variant: small-caps;\"><span style=\"color: #000000;\">IFP \u2013 International Federation for Psychotherapy<\/span><\/span><\/p>\n<p><span style=\"font-family: 'Garamond',serif; font-variant: small-caps;\"><span style=\"color: #000000;\">SBAP \u2013 Schweizerischer Berufsverband f\u00fcr Angewandte Psychologie<\/span><\/span><\/p>\n<p><span style=\"font-family: 'Garamond',serif; font-variant: small-caps;\"><span style=\"color: #000000;\">BOZ &#8211; Burnout Zentrum e.V.<\/span><\/span><\/p>\n<p><span style=\"font-family: 'Garamond',serif; font-variant: small-caps;\"><span style=\"color: #000000;\">SFDG \u2013 Soci\u00e9t\u00e9 Fran\u00e7aise de Graphologie<\/span><\/span><\/p>\n<p>&nbsp;<\/p>\n","protected":false},"excerpt":{"rendered":"<p>Verb\u00e4nde ASP \u2013 Assoziation der Schweizer Psychologen FSP \u2013 F\u00f6deration der Schweizer Psychologen SGG\/SSG \u2013 Schweizerische graphologische Gesellschaft\/Soci\u00e9t\u00e9 Suisse de Graphologie IFP \u2013 International Federation for Psychotherapy SBAP \u2013 Schweizerischer [&hellip;]<\/p>\n","protected":false},"author":1,"featured_media":0,"parent":13,"menu_order":5,"comment_status":"closed","ping_status":"closed","template":"","meta":{"footnotes":""},"class_list":["post-71","page","type-page","status-publish","hentry"],"yoast_head":"<!-- This site is optimized with the Yoast SEO plugin v26.3 - https:\/\/yoast.com\/wordpress\/plugins\/seo\/ -->\n<title>Verb\u00e4nde - Dr. Marie Anne Nauer<\/title>\n<meta name=\"robots\" content=\"index, follow, max-snippet:-1, max-image-preview:large, max-video-preview:-1\" \/>\n<link rel=\"canonical\" href=\"https:\/\/nauer.psy.ch\/wp\/qualifikation\/verbande\/\" \/>\n<meta property=\"og:locale\" content=\"en_GB\" \/>\n<meta property=\"og:type\" content=\"article\" \/>\n<meta property=\"og:title\" content=\"Verb\u00e4nde - Dr. Marie Anne Nauer\" \/>\n<meta property=\"og:description\" content=\"Verb\u00e4nde ASP \u2013 Assoziation der Schweizer Psychologen FSP \u2013 F\u00f6deration der Schweizer Psychologen SGG\/SSG \u2013 Schweizerische graphologische Gesellschaft\/Soci\u00e9t\u00e9 Suisse de Graphologie IFP \u2013 International Federation for Psychotherapy SBAP \u2013 Schweizerischer [&hellip;]\" \/>\n<meta property=\"og:url\" content=\"https:\/\/nauer.psy.ch\/wp\/qualifikation\/verbande\/\" \/>\n<meta property=\"og:site_name\" content=\"Dr. Marie Anne Nauer\" \/>\n<meta property=\"article:modified_time\" content=\"2016-02-28T12:43:48+00:00\" \/>\n<meta name=\"twitter:card\" content=\"summary_large_image\" \/>\n<script type=\"application\/ld+json\" class=\"yoast-schema-graph\">{\"@context\":\"https:\/\/schema.org\",\"@graph\":[{\"@type\":\"WebPage\",\"@id\":\"https:\/\/nauer.psy.ch\/wp\/qualifikation\/verbande\/\",\"url\":\"https:\/\/nauer.psy.ch\/wp\/qualifikation\/verbande\/\",\"name\":\"Verb\u00e4nde - Dr. Marie Anne Nauer\",\"isPartOf\":{\"@id\":\"https:\/\/nauer.psy.ch\/wp\/#website\"},\"datePublished\":\"2015-06-10T19:16:33+00:00\",\"dateModified\":\"2016-02-28T12:43:48+00:00\",\"breadcrumb\":{\"@id\":\"https:\/\/nauer.psy.ch\/wp\/qualifikation\/verbande\/#breadcrumb\"},\"inLanguage\":\"en-GB\",\"potentialAction\":[{\"@type\":\"ReadAction\",\"target\":[\"https:\/\/nauer.psy.ch\/wp\/qualifikation\/verbande\/\"]}]},{\"@type\":\"BreadcrumbList\",\"@id\":\"https:\/\/nauer.psy.ch\/wp\/qualifikation\/verbande\/#breadcrumb\",\"itemListElement\":[{\"@type\":\"ListItem\",\"position\":1,\"name\":\"Home\",\"item\":\"https:\/\/nauer.psy.ch\/wp\/\"},{\"@type\":\"ListItem\",\"position\":2,\"name\":\"Qualifikation\",\"item\":\"https:\/\/nauer.psy.ch\/wp\/qualifikation\/\"},{\"@type\":\"ListItem\",\"position\":3,\"name\":\"Verb\u00e4nde\"}]},{\"@type\":\"WebSite\",\"@id\":\"https:\/\/nauer.psy.ch\/wp\/#website\",\"url\":\"https:\/\/nauer.psy.ch\/wp\/\",\"name\":\"Dr. Marie Anne Nauer\",\"description\":\"Consulting &amp; Expertise\",\"inLanguage\":\"en-GB\"}]}<\/script>\n<!-- \/ Yoast SEO plugin. -->","yoast_head_json":{"title":"Verb\u00e4nde - Dr. Marie Anne Nauer","robots":{"index":"index","follow":"follow","max-snippet":"max-snippet:-1","max-image-preview":"max-image-preview:large","max-video-preview":"max-video-preview:-1"},"canonical":"https:\/\/nauer.psy.ch\/wp\/qualifikation\/verbande\/","og_locale":"en_GB","og_type":"article","og_title":"Verb\u00e4nde - Dr. Marie Anne Nauer","og_description":"Verb\u00e4nde ASP \u2013 Assoziation der Schweizer Psychologen FSP \u2013 F\u00f6deration der Schweizer Psychologen SGG\/SSG \u2013 Schweizerische graphologische Gesellschaft\/Soci\u00e9t\u00e9 Suisse de Graphologie IFP \u2013 International Federation for Psychotherapy SBAP \u2013 Schweizerischer [&hellip;]","og_url":"https:\/\/nauer.psy.ch\/wp\/qualifikation\/verbande\/","og_site_name":"Dr. Marie Anne Nauer","article_modified_time":"2016-02-28T12:43:48+00:00","twitter_card":"summary_large_image","schema":{"@context":"https:\/\/schema.org","@graph":[{"@type":"WebPage","@id":"https:\/\/nauer.psy.ch\/wp\/qualifikation\/verbande\/","url":"https:\/\/nauer.psy.ch\/wp\/qualifikation\/verbande\/","name":"Verb\u00e4nde - Dr. Marie Anne Nauer","isPartOf":{"@id":"https:\/\/nauer.psy.ch\/wp\/#website"},"datePublished":"2015-06-10T19:16:33+00:00","dateModified":"2016-02-28T12:43:48+00:00","breadcrumb":{"@id":"https:\/\/nauer.psy.ch\/wp\/qualifikation\/verbande\/#breadcrumb"},"inLanguage":"en-GB","potentialAction":[{"@type":"ReadAction","target":["https:\/\/nauer.psy.ch\/wp\/qualifikation\/verbande\/"]}]},{"@type":"BreadcrumbList","@id":"https:\/\/nauer.psy.ch\/wp\/qualifikation\/verbande\/#breadcrumb","itemListElement":[{"@type":"ListItem","position":1,"name":"Home","item":"https:\/\/nauer.psy.ch\/wp\/"},{"@type":"ListItem","position":2,"name":"Qualifikation","item":"https:\/\/nauer.psy.ch\/wp\/qualifikation\/"},{"@type":"ListItem","position":3,"name":"Verb\u00e4nde"}]},{"@type":"WebSite","@id":"https:\/\/nauer.psy.ch\/wp\/#website","url":"https:\/\/nauer.psy.ch\/wp\/","name":"Dr. Marie Anne Nauer","description":"Consulting &amp; Expertise","inLanguage":"en-GB"}]}},"_links":{"self":[{"href":"https:\/\/nauer.psy.ch\/wp\/wp-json\/wp\/v2\/pages\/71","targetHints":{"allow":["GET"]}}],"collection":[{"href":"https:\/\/nauer.psy.ch\/wp\/wp-json\/wp\/v2\/pages"}],"about":[{"href":"https:\/\/nauer.psy.ch\/wp\/wp-json\/wp\/v2\/types\/page"}],"author":[{"embeddable":true,"href":"https:\/\/nauer.psy.ch\/wp\/wp-json\/wp\/v2\/users\/1"}],"replies":[{"embeddable":true,"href":"https:\/\/nauer.psy.ch\/wp\/wp-json\/wp\/v2\/comments?post=71"}],"version-history":[{"count":4,"href":"https:\/\/nauer.psy.ch\/wp\/wp-json\/wp\/v2\/pages\/71\/revisions"}],"predecessor-version":[{"id":268,"href":"https:\/\/nauer.psy.ch\/wp\/wp-json\/wp\/v2\/pages\/71\/revisions\/268"}],"up":[{"embeddable":true,"href":"https:\/\/nauer.psy.ch\/wp\/wp-json\/wp\/v2\/pages\/13"}],"wp:attachment":[{"href":"https:\/\/nauer.psy.ch\/wp\/wp-json\/wp\/v2\/media?parent=71"}],"curies":[{"name":"wp","href":"https:\/\/api.w.org\/{rel}","templated":true}]}}

Verbände

<h3><span style="font-family: 'Garamond',serif;"><span style="color: #000000;"><strong>Verbände</strong></span></span></h3>
<p><span style="font-family: 'Garamond',serif; font-variant: small-caps;"><span style="color: #000000;">ASP – Assoziation der Schweizer Psychologen</span></span></p>
<p><span style="font-family: 'Garamond',serif; font-variant: small-caps;"><span style="color: #000000;">FSP – Föderation der Schweizer Psychologen</span></span></p>
<p><span style="font-family: 'Garamond',serif; font-variant: small-caps;"><span style="color: #000000;">SGG/SSG – Schweizerische graphologische Gesellschaft/Société Suisse de Graphologie</span></span></p>
<p><span style="font-family: 'Garamond',serif; font-variant: small-caps;"><span style="color: #000000;">IFP – International Federation for Psychotherapy</span></span></p>
<p><span style="font-family: 'Garamond',serif; font-variant: small-caps;"><span style="color: #000000;">SBAP – Schweizerischer Berufsverband für Angewandte Psychologie</span></span></p>
<p><span style="font-family: 'Garamond',serif; font-variant: small-caps;"><span style="color: #000000;">BOZ &#8211; Burnout Zentrum e.V.</span></span></p>
<p><span style="font-family: 'Garamond',serif; font-variant: small-caps;"><span style="color: #000000;">SFDG – Société Française de Graphologie</span></span></p>
<p>&nbsp;</p>

<p>Verbände ASP – Assoziation der Schweizer Psychologen FSP – Föderation der Schweizer Psychologen SGG/SSG – Schweizerische graphologische Gesellschaft/Société Suisse de Graphologie IFP – International Federation for Psychotherapy SBAP – Schweizerischer [&hellip;]</p>

<!-- This site is optimized with the Yoast SEO plugin v26.3 - https://yoast.com/wordpress/plugins/seo/ -->
<title>Verbände - Dr. Marie Anne Nauer</title>
<meta name="robots" content="index, follow, max-snippet:-1, max-image-preview:large, max-video-preview:-1" />
<link rel="canonical" href="https://nauer.psy.ch/wp/qualifikation/verbande/" />
<meta property="og:locale" content="en_GB" />
<meta property="og:type" content="article" />
<meta property="og:title" content="Verbände - Dr. Marie Anne Nauer" />
<meta property="og:description" content="Verbände ASP – Assoziation der Schweizer Psychologen FSP – Föderation der Schweizer Psychologen SGG/SSG – Schweizerische graphologische Gesellschaft/Société Suisse de Graphologie IFP – International Federation for Psychotherapy SBAP – Schweizerischer [&hellip;]" />
<meta property="og:url" content="https://nauer.psy.ch/wp/qualifikation/verbande/" />
<meta property="og:site_name" content="Dr. Marie Anne Nauer" />
<meta property="article:modified_time" content="2016-02-28T12:43:48+00:00" />
<meta name="twitter:card" content="summary_large_image" />
<script type="application/ld+json" class="yoast-schema-graph">{"@context":"https://schema.org","@graph":[{"@type":"WebPage","@id":"https://nauer.psy.ch/wp/qualifikation/verbande/","url":"https://nauer.psy.ch/wp/qualifikation/verbande/","name":"Verbände - Dr. Marie Anne Nauer","isPartOf":{"@id":"https://nauer.psy.ch/wp/#website"},"datePublished":"2015-06-10T19:16:33+00:00","dateModified":"2016-02-28T12:43:48+00:00","breadcrumb":{"@id":"https://nauer.psy.ch/wp/qualifikation/verbande/#breadcrumb"},"inLanguage":"en-GB","potentialAction":[{"@type":"ReadAction","target":["https://nauer.psy.ch/wp/qualifikation/verbande/"]}]},{"@type":"BreadcrumbList","@id":"https://nauer.psy.ch/wp/qualifikation/verbande/#breadcrumb","itemListElement":[{"@type":"ListItem","position":1,"name":"Home","item":"https://nauer.psy.ch/wp/"},{"@type":"ListItem","position":2,"name":"Qualifikation","item":"https://nauer.psy.ch/wp/qualifikation/"},{"@type":"ListItem","position":3,"name":"Verbände"}]},{"@type":"WebSite","@id":"https://nauer.psy.ch/wp/#website","url":"https://nauer.psy.ch/wp/","name":"Dr. Marie Anne Nauer","description":"Consulting &amp; Expertise","inLanguage":"en-GB"}]}</script>
<!-- / Yoast SEO plugin. -->

Verbände - Dr. Marie Anne Nauer

Verbände ASP – Assoziation der Schweizer Psychologen FSP – Föderation der Schweizer Psychologen SGG/SSG – Schweizerische graphologische Gesellschaft/Société Suisse de Graphologie IFP – International Federation for Psychotherapy SBAP – Schweizerischer [&hellip;]
